t g(o) = 13*o. Give g(-2).
-26
Let g(v) = 7*v + 7. What is g(-2)?
-7
Let b(o) = o + 3. Determine b(6).
9
Let l(v) = -6*v + 157. Determine l(12).
85
Let n(l) = -l. Determine n(14).
-14
Let r(u) = 5*u - 288. What is r(56)?
-8
Let a(o) = -2*o**3 + 20*o**2 - 2*o + 18. Determine a(10).
-2
Let f(r) = 5*r + 2. Calculate f(-2).
-8
Let z(v) = -v - 2. What is z(6)?
-8
Let a(t) = -2*t - 6. Give a(-4).
2
Let s(r) = 2*r + 2. Give s(-10).
-18
Let i(l) = 3*l + 15. Give i(-6).
-3
Let u(g) = -g**2 - 57*g - 390. Calculate u(-49).
2
Let w(f) = -f**3 + 4*f**2 + 15*f - 21. Determine w(6).
-3
Let g(k) = -3*k**2 - 7*k - 8. What is g(-4)?
-28
Let f(w) = -w + 1. What is f(-10)?
11
Let o(h) = -h**2 + 8*h + 6. Give o(7).
13
Let n(w) = 34*w - 362. Calculate n(10).
-22
Let o(v) = -v**2 - 5*v + 8. Determine o(-8).
-16
Let o(l) = l**3 - 5*l**2 + 4*l. Calculate o(3).
-6
Let o(i) = -i**3 - 4*i**2 + 6*i + 5. Calculate o(-5).
0
Let z(w) = -w**2 + 4*w + 4. Calculate z(4).
4
Let q(b) = -b**3 + 6*b**2 - 2*b - 3. Calculate q(3).
18
Let m(i) = 2*i**3 + 4*i**2 + i - 10. What is m(-3)?
-31
Let f(w) = 23*w**2 + 4*w + 3. What is f(-1)?
22
Let w(b) = b**2 - 3*b - 2. Calculate w(-1).
2
Let x(p) = p + 1. Calculate x(6).
7
Let y(x) = -x**2 - 6*x - 5. Determine y(-4).
3
Let j(b) = 4*b - 38. Give j(0).
-38
Let d(v) = v**2 - 13*v + 15. Calculate d(10).
-15
Let q(o) = o + 17. Determine q(11).
28
Let t(q) = -13*q**2 - 13*q - 14. Give t(-1).
-14
Let v(q) = q**3 - 7*q**2 + 14*q - 54. What is v(6)?
-6
Let s(r) = r**3 - 5*r**2 - 10*r + 15. Give s(6).
-9
Let h(g) = 4*g + 13. Calculate h(-6).
-11
Let o(z) = z**3 + 12*z**2 + 9*z - 39. Calculate o(-11).
-17
Let g(t) = -2*t**2 - 15*t + 2. Calculate g(-8).
-6
Let j(r) = 2*r**3 - 8. Calculate j(2).
8
Let d(m) = -4*m - 1. Determine d(-4).
15
Let i(w) = w**2 - 26*w - 21. Calculate i(16).
-181
Let d(s) = -2*s**3 - 40*s**2 + 41*s - 19. Calculate d(-21).
2
Let n(j) = j + 15. Calculate n(-8).
7
Let s(a) = -a - 2. Calculate s(14).
-16
Let f(n) = -5*n - 8. Determine f(-6).
22
Let a(v) = 2*v**2 - 8*v + 1. Give a(-7).
155
Let t(v) = -2*v - 3. What is t(-12)?
21
Let h(i) = 10*i**2 - i + 5. Calculate h(2).
43
Let u(q) = -2*q - 7. Calculate u(8).
-23
Let f(a) = -a**2 - 2*a + 7. Give f(3).
-8
Let y(t) = t**2 - t + 2. Calculate y(4).
14
Let d(a) = a**2 - 4*a - 23. Determine d(6).
-11
Let z(r) = 2*r**2 - 12*r - 70. Calculate z(10).
10
Let m(p) = -p**2 + 17*p - 2. Determine m(18).
-20
Let n(x) = -x**3 + 12*x**2 + 26*x - 312. What is n(12)?
0
Let d(c) = c**3 + 3*c**2 - 2*c - 2. Give d(-4).
-10
Let r(a) = a**3 - 24*a**2 + 2*a - 58. Give r(24).
-10
Let n(v) = 2*v**3 + 3*v**2 - 3*v + 4. Give n(-3).
-14
Let f(p) = 2*p**2 - 29*p + 9. What is f(13)?
-30
Let n(m) = -6*m + 1. Calculate n(3).
-17
Let f(j) = -j**3 - 26*j**2 - 29*j - 45. Calculate f(-25).
55
Let j(k) = -46*k - 216. Determine j(-6).
60
Let p(m) = m - 24. Give p(5).
-19
Let x(n) = 3*n + 47. Give x(-21).
-16
Let v(y) = 4*y**3 - 3*y**2 - y + 3. What is v(1)?
3
Let n(g) = -39*g - 123. Determine n(-3).
-6
Let u(n) = 13*n**2 + 6*n + 6. What is u(-1)?
13
Let a(z) = -23*z**3 + 3*z**2 - 7*z - 10. Calculate a(-1).
23
Let v(d) = 23*d + 6. What is v(-3)?
-63
Let v(h) = -3*h**3 - 4*h**2 - 2*h - 5. Determine v(-2).
7
Let a(g) = -39*g + 149. Calculate a(4).
-7
Let f(b) = -4*b - 25. What is f(-4)?
-9
Let g(w) = -w**3 - 10*w**2 - 10*w + 24. Determine g(-9).
33
Let g(z) = -z**3 - 15*z**2 - 26*z + 123. What is g(-12)?
3
Let d(g) = 2*g**3 + 16*g**2 - 14*g + 15. Calculate d(-9).
-21
Let b(o) = -o**2 - 16*o - 5. What is b(-13)?
34
Let d(r) = r**3 - r**2 - 3*r + 3. Give d(4).
39
Let g(t) = -2*t**2 + 18*t + 61. Give g(10).
41
Let u(m) = m**2 + 2*m - 6. Determine u(-8).
42
Let u(c) = c**3 + 6*c**2 - 26*c + 18. Determine u(-9).
9
Let m(d) = 5*d**2 - d. Determine m(2).
18
Let l(f) = f - 23. What is l(22)?
-1
Let m(i) = 2*i**2 + 28*i - 16. Give m(-15).
14
Let m(d) = 5*d**3 + 2*d**2 - 7*d + 7. What is m(2)?
41
Let d(n) = 4*n - 37. What is d(11)?
7
Let w(l) = -l**2 - 16*l - 22. Calculate w(-14).
6
Let m(x) = x + 4. Give m(4).
8
Let t(x) = 3*x**3 - 22*x**2 + 11*x - 14. What is t(7)?
14
Let a(x) = x**3 - 19*x**2 + 14*x + 47. Calculate a(18).
-25
Let j(d) = 56*d. Calculate j(-1).
-56
Let i(v) = 30*v - 49. What is i(2)?
11
Let z(o) = o**3 - o + 1. Determine z(-2).
-5
Let q(b) = -3*b - 48. Give q(-20).
12
Let b(l) = -3*l**2 - 25*l + 79. Determine b(-11).
-9
Let f(s) = -s**2 - 7*s + 6. Calculate f(-7).
6
Let i(x) = -x**3 - 5*x**2 - 3*x - 2. Give i(-4).
-6
Let v(d) = -d**3 - 11*d**2 - 17*d + 8. What is v(-9)?
-1
Let m(p) = -4*p**3 - 7*p**2 - 5*p + 3. Determine m(-3).
63
Let c(h) = -11*h + 8. Give c(3).
-25
Let m(z) = -z**3 + 9*z**2 + 25*z - 17. Calculate m(11).
16
Let q(w) = -w**3 - 6*w**2 + w - 4. Give q(-6).
-10
Let a(i) = 38*i + 25. Give a(-4).
-127
Let c(m) = 29*m - 465. What is c(16)?
-1
Let d(o) = o**2 - 30*o + 75. Calculate d(27).
-6
Let n(p) = 11*p**2 - 2*p + 1. Calculate n(1).
10
Let j(a) = 6*a**2 - a - 2. Give j(-2).
24
Let b(r) = 4*r**2 - 107*r - 39. Calculate b(27).
-12
Let p(b) = -19*b + 115. Give p(9).
-56
Let z(u) = u**3 + 21*u**2 - 46*u + 4. Determine z(-23).
4
Let p(y) = y**3 + 10*y**2 - y - 8. Calculate p(-10).
2
Let h(c) = -c**3 + 9*c**2 + c - 2. Determine h(9).
7
Let a(z) = -19*z**3 + 2*z**2 - 1. What is a(1)?
-18
Let g(i) = i**3 - 13*i**2 + 25*i - 5. Determine g(11).
28
Let d(o) = 2*o - 4. What is d(5)?
6
Let r(g) = -4*g**2 - 7*g - 3. What is r(-3)?
-18
Let o(l) = -4*l - 25. Calculate o(-8).
7
Let g(s) = -s**2 - 15*s + 15. Calculate g(-16).
-1
Let j(d) = -d**3 - 17*d**2 + 15*d + 15. Give j(-18).
69
Let f(g) = -5*g**2 - 3*g - 3. What is f(-1)?
-5
Let j(k) = 9*k - 16. Determine j(3).
11
Let m(p) = -3*p + 35. What is m(15)?
-10
Let z(j) = 5*j - 23. What is z(8)?
17
Let t(v) = v**2 - 14*v - 38. What is t(16)?
-6
Let b(j) = -j**3 - 11*j**2 - 9*j + 5. Give b(-8).
-115
Let i(t) = 2*t - 17. Determine i(12).
7
Let f(r) = -6*r + 17. Give f(3).
-1
Let q(b) = -b**3 - 7*b**2 - 11*b - 11. What is q(-9)?
250
Let f(a) = 47*a - 8. Calculate f(2).
86
Let v(m) = -m - 3. Calculate v(13).
-16
Let g(h) = h**2 - 14*h + 15. Give g(10).
-25
Let t(a) = 2*a**2 - 13*a - 7. What is t(7)?
0
Let w(h) = h**2 + 2*h. Give w(-14).
168
Let i(x) = -x**3 - x**2 + 11*x + 13. Give i(-3).
-2
Let y(q) = -q**2 + 6*q + 33. Determine y(8).
17
Let l(q) = q**2 + 6*q + 3. Give l(-5).
-2
Let z(s) = -s - 14. What is z(-8)?
-6
Let m(v) = -v + 6. Calculate m(-6).
12
Let f(d) = 16*d - 36. Give f(4).
28
Let k(z) = -3*z - 18. Determine k(-3).
-9
Let f(n) = -n - 27. Determine f(-17).
-10
Let a(h) = -h**3 - 8*h**2 - 4*h - 2. Give a(-8).
30
Let k(f) = -2*f**3 - 12*f**2 + 4. Give k(-6).
4
Let l(s) = -s**3 + 6*s**2 + 5*s + 14. Determine l(7).
0
Let z(t) = t**2 - 5*t - 6. Give z(4).
-10
Let p(a) = -a**3 + 15*a**2 - 15*a + 33. Calculate p(14).
19
Let b(k) = 3*k**2 - 2*k + 1. Determine b(2).
9
Let r(y) = -y**2 - 10*y + 9. Determine r(-9).
18
Let k(i) = -i**3 - 8*i**2 + 10*i + 1. Give k(-9).
-8
Let z(n) = 6*n**2 - 11*n + 2. What is z(5)?
97
Let r(o) = -18*o - 3. Determine r(-2).
33
Let d(l) = -l**2 - 15*l + 21. Determine d(-17).
-13
Let r(v) = v**3 + 2*v**2 - 13*v + 1. Give r(-5).
-9
Let n(q) = -q**2 - 36*q - 92. Determine n(-33).
7
Let k(b) = -34*b - 138. What is k(-4)?
-2
Let c(x) = -x**3 + 4*x**2 + x + 2. Determine c(3).
14
Let g(p) = -43*p + 2. What is g(1)?
-41
Let m(b) = -3*b + 1. What is m(1)?
-2
Let w(m) = -m - 18. Calculate w(-18).
0
Let d(g) = g**3 - 4*g**2 - 7*g - 1. Calculate d(5).
-11
Let m(d) = -4*d**3 - 3*d**2 - 3*d - 5. Give m(-2).
21
Let p(i) = -i**3 + 6*i**2 + 16*i + 7. Calculate p(8).
7
Let t(w) = 18*w**2 + 8*w + 13. Calculate t(-2).
69
Let n(x) = -2*x**3 - 2*x**2 + 3*x - 26. Give n(0).
-26
Let y(i) = 7*i + 8. Determine y(-7).
-41
Let a(j) = -11*j + 5. Calculate a(5).
-50
Let u(o) = o**3 - 10*o**2 + 11*o + 3. What is u(9)?
21
Let f(d) = 3*d**2 + 73*d + 33. Determine f(-24).
9
Let z(o) = 5*o - 5. Determine z(-2).
-15
Let r(b) = -b**3 - 7*b**2 + 9*b - 9. Determine r(-6).
-99
Let v(x) = -x**2 - 5*x + 5. Give v(-5).
5
Let q(d) = d**2 - 57*d + 4. Calculate q(57).
4
Let i(t) = t**3 - 4*t**2 - 2*t + 1. Give i(4).
-7
Let u(h) = -h + 18. Calculate u(13).
5
Let b(l) = -4*l - 25. Calculate b(-10).
15
Let w(t) = -4*t - 109. What is w(-19)?
-33
Let h(b) = -b**3 + 11*b**2 + 69*b - 132. W